 is the units digit of s(f)?
0
Let w be ((-3)/5)/(3*5/(-3975)). Let u = w + 41. What is the hundreds digit of u?
2
Suppose -145*i + 74*i + 3304980 = 139*i. What is the units digit of i?
8
Suppose -7*y = -2*y - 80. Suppose -810 = -y*q + 6*q. Suppose 0*m - 2*s - 42 = -2*m, 4*m = 3*s + q. What is the tens digit of m?
1
Suppose 186*n - 979269 - 308704 - 1460735 = 0. What is the thousands digit of n?
4
Let z = -7 - -13. Suppose z*k = 431 - 1439. Let f = k - -281. What is the tens digit of f?
1
Let r(a) = 81*a + 1407. What is the hundreds digit of r(14)?
5
Suppose -3*s - 5*b + 50 = -78, -4*s = -b - 163. Suppose 0 = -s*f + 37*f + 4996. What is the thousands digit of f?
1
Let m = -671 + 697. Suppose m*l - 52*l + 19916 = 0. What is the hundreds digit of l?
7
Let x(y) = 16*y + 20. Let f be x(5). Suppose -112 = -4*k + f. Suppose k = 3*t - 52. What is the tens digit of t?
3
Let t(s) = 213*s**2 - 6*s - 23. What is the tens digit of t(-4)?
0
Let w(b) = -104*b**3 - 21*b**2 + 18*b + 6. What is the units digit of w(-3)?
1
Let k(u) = -6*u + 15. Let y be k(17). Let m = y + 181. What is the tens digit of m?
9
Let z(o) = -5*o**2 - 20*o + 10. Let d be z(16). Let t = -790 - d. Suppose -t = -10*n - 20. What is the tens digit of n?
7
Let j(d) = 973*d + 2287. What is the units digit of j(30)?
7
Suppose -157*a = 429185 - 2776649. What is the ten thousands digit of a?
1
Suppose -3*a + 4*i - 6 = 5, 5*i - 37 = -4*a. Suppose 3*v + 4*p - 3679 = 0, 0*p - 2430 = -2*v + a*p. What is the hundreds digit of v?
2
Let o(r) = 2*r**2 - 8*r - 10. Let j be o(5). Suppose 0 = -n - n + 2*f + 458, j = -2*n + 5*f + 458. What is the tens digit of n?
2
Let p be 5 - (3 + 1 + -3). What is the units digit of -33*p*(-3)/((-36)/(-106))?
6
Let z(o) be the third derivative of o**7/1008 - 3*o**6/80 - 7*o**5/60 + 4*o**2. Let m(q) be the third derivative of z(q). What is the units digit of m(11)?
8
Let x(d) = d**2 - 2*d + 71. Suppose -53 = -p - 48. Suppose p*b = -0*b. What is the tens digit of x(b)?
7
Let p(b) = b**2 - 95*b + 1626. What is the units digit of p(94)?
2
Suppose -27146 - 36140 = -14*p + 75580. What is the tens digit of p?
1
Let s be -1 - ((-1)/(-2))/(5/(-10)). Suppose s = 4*k - o - o + 46, -17 = 2*k + o. Let n(j) = 2*j**2 + 15*j + 1. What is the units digit of n(k)?
1
Let i be (2 - (-76)/5)*(-3570)/(-6). Suppose -7*c - i = -24*c. What is the tens digit of c?
0
Let h = 76 + -74. What is the tens digit of -1 - (-4 - (408 - h))?
0
Let s be (42/(-8))/(69/12 + -6). Suppose 3*v + 4*v = -s. What is the units digit of (-1)/(((-12)/3)/(-36)*v)?
3
Suppose 648 = -2*i - 498. What is the units digit of (-2)/((6/i)/2)?
2
Let f(d) = d**2 + 6*d + 26. Suppose 0 = -r + 6*r - 15. Suppose -54 = 9*l - r*l. What is the tens digit of f(l)?
5
Suppose -5*t = 3*y - 21, 0 = 4*y - t + 6*t - 23. Suppose -42 = -2*z - 2*b - 6, -2 = -y*b. Suppose -592 = -z*m + 9*m. What is the units digit of m?
4
Suppose 3*x + 666 = 3*q, 2*q + 678 = -3*x - q. What is the hundreds digit of ((-27)/4)/((-440)/x + -2)?
1
Suppose -2*c - 296 = 2*h, -4*c - 3*h + h - 588 = 0. Let f = -385 + 114. Let d = c - f. What is the units digit of d?
5
Suppose -2*r + x + 4863 = 0, 2*r = 3*r + 4*x - 2418. Suppose p - 4*u = 2278 + 138, 3*u = -p + r. What is the tens digit of 4/6 - p/(-36)?
6
Let x(k) = k**2 - 16*k - 89. Let p be x(20). What is the units digit of 3/(p/(-1558)) + 144/(-108)?
8
Let u(o) = 3*o**2 + 13*o - 2. Let l(f) = -10*f**2 - 38*f + 7. Let a(z) = 4*l(z) + 11*u(z). Let g be a(-5). What is the tens digit of (g/(-3))/((-7)/((-42)/4))?
6
Suppose -b - 3*d + 578 = 0, 1138 = 2*b - d - 2*d. Suppose -145 = -3*y + 3*r + b, 4*r = 20. What is the hundreds digit of y?
2
Let p = 13204 - -20520. What is the hundreds digit of p?
7
Let v(w) = 53 - 20 - 23 + 4*w. Let k be v(-5). What is the tens digit of k/4*-20*48/60?
4
Suppose 0 = 2*n + 5*w - 22, 0*n + 5*w = 2*n - 2. Suppose 14 = 3*i + n*x - 2*x, -5*x + 10 = 0. Suppose 0 = -i*k - 2*k + 320. What is the tens digit of k?
8
Let g(j) = 7*j**2 - 20*j + 29. Let v(h) = 20*h**2 - 59*h + 86. Let y(s) = 17*g(s) - 6*v(s). Let o = -985 + 992. What is the units digit of y(o)?
6
Let v be 2 + (-1)/(3/(-51)). Suppose 2*u + 11*u + 0*u - 247 = 0. Suppose -u - v = -a. What is the tens digit of a?
3
Let u(i) = i**3 - 10*i**2 + 8*i + 22. Let m be u(9). Let d = m - -51. Let p = d + -4. What is the tens digit of p?
6
Suppose 4*h = 2*a + 2, 3*h = 3*a - 8 + 5. Suppose k = -h*k + 171. What is the tens digit of k?
5
Suppose 2*h - 7443 = -63*f + 58*f, 2983 = 2*f - 5*h. Let y = f - 689. What is the hundreds digit of y?
8
Let q(r) be the third derivative of 47*r**5/60 - 13*r**4/24 + 25*r**3/6 + 29*r**2. What is the hundreds digit of q(2)?
1
Let j(n) be the second derivative of 5*n**4/12 + 4*n**3/3 + 5*n**2/2 - 2*n. Suppose -4*f = -5*k + 32, -2*f - 2*f - 3*k = 0. What is the units digit of j(f)?
6
Let r be 1/(-5) + 903/15. Let k(w) = -10*w - 237. Let o be k(-25). Suppose -8*u + o*u = r. What is the tens digit of u?
1
Let x(l) = -l**3 - 10*l**2 - 10*l - 5. Let d be x(-9). Suppose 1510 = d*v - 134. What is the hundreds digit of v?
4
Suppose -331*z + 3617992 + 7429982 = -2332370. What is the units digit of z?
4
Suppose -52*l + 60227 = -40555 + 27722. What is the units digit of l?
5
Let j = -4437 + 14575. Suppose 0 = -11*r + j - 755. What is the tens digit of r?
5
Let f be (-2 - 119/(-28))*(-8)/(-6). Suppose 5*w = -g + 488 + 702, -g = -f*w - 1190. What is the tens digit of g?
9
Let t be -4 - (0 - 9) - 5. Suppose t = 7*o + 7*o - 7140. Suppose m = -5*m + o. What is the units digit of m?
5
Suppose 0 = 4*o - p - 50, -5*o = -2*p + 7*p - 50. Let i be (-75)/(-20) + 3/o. Suppose -3*h = -i*h + 22. What is the tens digit of h?
2
Suppose 0 = 3*p + 83*p - 2873346. What is the hundreds digit of p?
4
Suppose -34 = 2*c + 2*q, 2*c - 4*q + 41 = q. Let t = -160 - c. Let h = 283 + t. What is the tens digit of h?
4
Let m = 63958 + -6812. What is the hundreds digit of m?
1
Let r = 84 + -19. Let z = r - -79. What is the units digit of z?
4
Suppose 0 = 7*v - 93 - 194. Suppose -k + 5*k = -3*h + 43, -v = -h + 4*k. Suppose -63 = -2*l + h. What is the tens digit of l?
4
Suppose 2*k + 823 = -5*r + 2167, 3*k - 2*r - 2054 = 0. Let o = -145 + k. What is the tens digit of o?
3
Suppose -g = -j - 1658, -7*j + 9*j + 6626 = 4*g. Suppose -3*f - p = -0*f - 1001, 5*f + 5*p = g. What is the hundreds digit of f?
3
Let p be (7 - 6 - -11)/1. Suppose -7*n + 8626 = p*n. What is the units digit of n?
4
Suppose 5*d - 15 = 0, 2*g - 3*d = -g + 10197. What is the tens digit of g?
0
Let t(z) = -13801*z + 7129. What is the thousands digit of t(-6)?
9
Let j = -391 - -1094. Suppose b - 5*l = 180, -3*l - j = -4*b - 0*l. What is the units digit of b?
5
Suppose 0 = -104*c + 12*c + 11040. What is the hundreds digit of c?
1
Let m be (4/3 - 0)/(24/360). Suppose 782 = m*p - 3078. What is the hundreds digit of p?
1
Let b(v) = v + 47. Let j be b(-4). Suppose j*h - 41013 = 16*h. What is the tens digit of h?
1
Let w(z) = z**2 + 1. Let l be w(-2). Suppose -12*r = -l*r - 3031. Let s = -195 + r. What is the units digit of s?
8
Let t(d) = d**2 - 8*d + 197. Let k(l) = 4*l**2 - 24*l + 593. Let q(w) = 2*k(w) - 7*t(w). What is the tens digit of q(-21)?
8
Suppose 29*g - 33*g = 360. Let a = -10 - g. Suppose 4*m - 5*m = -a. What is the tens digit of m?
8
Let i(f) = -f**3 - 10*f**2 - 24*f + 4. Let o be i(-6). Let h(a) = 116*a + 13. What is the hundreds digit of h(o)?
4
Let v = -29879 - -41933. What is the ten thousands digit of v?
1
Let p(f) = 17*f**3 - 3. Suppose -438*m = -440*m + 4. What is the units digit of p(m)?
3
Let t(x) = 10*x + 55. Let n be t(-5). Suppose b - 403 = -3*p, -n*p = 2*b - 2*p - 821. What is the tens digit of b?
1
Suppose 5*h - 4123 = -j, 3*h - 31*j + 29*j = 2479. Let s = -415 + h. What is the units digit of s?
0
Suppose 0 = -8*c + 10948 + 106756 + 6264. What is the tens digit of c?
9
Let p = 1958 + -942. What is the hundreds digit of p?
0
Suppose 297*o + 115606 = 1055771 + 3854603. What is the units digit of o?
4
What is the thousands digit of ((-273)/(-14))/(-13)*(-6102516)/126?
2
Let g(q) = q**2 - 2*q + 3. Let f be g(3). Suppose -f + 0 = 6*i. What is the units digit of 265*(-2)/(-8) - i/(-4)?
6
Suppose -19527 = -13*a - 70383. What is the tens digit of (-1)/(a/3906 + (1 - 0))?
5
What is the 